w - 34. Calculate the remainder when u(a) is divided by w.
14
Calculate the remainder when ((-12)/2)/((120/(-505))/12) is divided by 21.
9
Let a(b) be the third derivative of 7*b**4/12 - 179*b**3/6 + 71*b**2. What is the remainder when a(15) is divided by 10?
1
Suppose 24 = 5*d - 2*o, 45*d - 47*d - 3*o - 17 = 0. What is the remainder when 77 is divided by d?
1
Suppose f - 7816 = -4*n + 3*f, -3*n - f = -5862. Suppose -26*b = -n + 472. What is the remainder when 110 is divided by b?
53
Let j = -123 - -273. Suppose -4*s + k = -89, -3*k - 116 = -3*s - 38. Suppose -23*i = -s*i - j. What is the remainder when i is divided by 26?
23
Suppose 0 = 891*v - 895*v + 4*h + 3356, 0 = 5*v - h - 4215. What is the remainder when v is divided by 56?
4
Suppose 0 = 18*a + 107*a - 8261 - 5364. What is the remainder when 325 is divided by a?
107
Suppose -1052 + 390 = -2*t. Suppose 0 = -5*m + t - 96. Calculate the remainder when 422 is divided by m.
46
Let c be -5 + (-5 - -4)*-4. Let d(w) = -10*w**3 - 2*w**2 + 4*w + 6. Calculate the remainder when 32 is divided by d(c).
2
Let j(s) = 3*s**2 + 11*s - 2. Let p be j(-5). Suppose -t - 2*t + p = 0. Calculate the remainder when (-20)/30 + 346/t is divided by 20.
17
Suppose -133470 = -31*g - 98099. Suppose 11 = x + 4*w, 4*w - 11 = -x + w. What is the remainder when g is divided by x?
8
Let d(s) = 13*s**2 + 3*s + 2. Let g(p) = -365*p - 8381. What is the remainder when d(-3) is divided by g(-23)?
12
Let s(o) = 2*o - 1 - 2*o + 5*o. Let h = -1021 - -1036. Calculate the remainder when h is divided by s(1).
3
Suppose -27*v + 22*v = -5*m - 150, -4*v = 3*m - 176. Calculate the remainder when 6298 is divided by v.
28
Let j(c) = -47*c - 6. Let r be 36/24 + 22/(-4). Calculate the remainder when j(r) is divided by 40 - 18/(48/8).
34
Suppose 0 = q + 4*j - 653, 225 - 193 = 4*j. What is the remainder when 1335 is divided by q?
93
Let y(s) = 3*s - 25. Let j be (5 + -4)/1 - (-46 - -2). Suppose 44*d - 47*d = -j. Calculate the remainder when 58 is divided by y(d).
18
Suppose -113*k + 108*k - 5*q + 285 = 0, -210 = -4*k - q. What is the remainder when 8615 is divided by k?
47
Suppose -49*s + 52917 + 12617 = -1694. Calculate the remainder when s is divided by 10.
2
Let y be 24/(-4) - (-19 + 10). Suppose -s + 0 = -y, z = s + 14. Suppose -2*d + 3*t + 87 = d, -4*d + t = -119. Calculate the remainder when d is divided by z.
13
Let z(m) = m**2 - m + 2. Let r be z(-7). Suppose 0 = -5*c + u + r, 3*c - 3*u + 5 = 35. Suppose -20 = 8*q - c*q. Calculate the remainder when 14 is divided by q.
4
Suppose 0 = 13*r - 559 + 39. What is the remainder when 1915 is divided by r?
35
Let q be 0/(-1)*5/15. Suppose q*h - 5*h - 4*r = 1396, 0 = -h + 3*r - 264. Calculate the remainder when h/(-10) + (-12)/20 is divided by 14.
13
Let j(w) = -61*w - 1204. Suppose -x - 5*p = 2*x - 202, 4*p = -2*x + 138. Calculate the remainder when x is divided by j(-20).
11
Let j(o) = -o**3 + 14*o**2 + 41*o - 5. Let v be j(17). Let g = -136 - v. Calculate the remainder when g is divided by 13.
0
Let y = 35 - -3. Let o(w) = -w**3 + 7*w**2 + 16*w + 38. Calculate the remainder when o(7) is divided by y.
36
Let l = -70 + 82. Suppose l*p = -30 + 30. Suppose p = -2*o - 4 + 14. What is the remainder when o is divided by 2?
1
Let y be ((-7)/(-14))/(3/(-12)). Let o = y - 2. What is the remainder when 32 is divided by (-11 - -9)/(o/34)?
15
Let g(l) = 3*l + 38. Let m(k) = 13*k - 16. Calculate the remainder when g(14) is divided by m(3).
11
Let y(q) = -q**2 + 134*q - 3682. Calculate the remainder when 798 is divided by y(41).
12
Let o(w) = 48*w + 66. What is the remainder when o(3) is divided by 9?
3
Let i be (-2 - 26)/2*2/1. What is the remainder when 290 is divided by (i/1)/((-6)/3 + 0)?
10
Let x(d) = -d**3 + 9*d**2 + 37*d + 1. Let s be x(12). Suppose -s*u + 16*u - 27 = 0. Calculate the remainder when 27 is divided by u.
0
Let l be (9/18)/(1/14). Suppose -2*b = 0, l*t + 5*b - 76 = 3*t. Let o(g) = -g + 19. Calculate the remainder when t is divided by o(15).
3
Let w be (-10)/(-95) + (-23022)/(-57). Let q = -373 + w. What is the remainder when 98 is divided by q?
5
Suppose 0 = 8*m - 17*m + 531. Suppose -3*y - 13*q + 8*q = -m, 0 = y + q - 17. Calculate the remainder when y is divided by (-4)/(-10) - 38/(-5).
5
Let o(a) be the third derivative of 0 + 7/6*a**3 + 0*a + 21*a**2 + 1/4*a**4. Calculate the remainder when 106 is divided by o(5).
32
Suppose 3*n - 42 + 0 = 0. Let t(u) = -9*u + 156. What is the remainder when t(5) is divided by n?
13
Calculate the remainder when 5101 is divided by (-5 - 182/39)*3/(-1).
26
Let t(v) = 9*v - 20. Let s be t(4). Suppose 0 = -c + 7 + s. Calculate the remainder when c is divided by 27/15 + (-10)/(-50).
1
Let c(r) = r + 19 - r**3 + 4*r + 11*r - 9*r**2 - 7*r. Let s be c(-8). Let d = s + 174. Calculate the remainder when d is divided by 21.
15
Let l(i) = -29*i - 101. Let a = 543 - 550. What is the remainder when 310 is divided by l(a)?
4
Let p(y) = 15*y**2 + 11*y - 75. Calculate the remainder when 209 is divided by p(4).
0
Let l = -1 - -81. Suppose 10 = -5*h, h - 7 = -m - 2*h. Calculate the remainder when m is divided by (1 + -2)/((l/70)/(-8)).
6
Suppose -2*u + 4*q = -76, u - 4*u + q + 114 = 0. Let n = u + -24. Suppose 3*s = 4*l - 4, -2*s + 16 = -3*s + 5*l. What is the remainder when n is divided by s?
2
Calculate the remainder when 545 is divided by 61*(8 - (-1 + 8))/1.
57
Let c(m) = 8*m**2 + 476*m + 1906. Calculate the remainder when c(-4) is divided by 81.
49
Suppose -28 = -4*q + 12. Suppose y + y = q. Suppose 74 = y*o + 19. Calculate the remainder when 75 is divided by o.
9
Let l = 7 - -83. Suppose -3 = 4*g - 15. Suppose -4*w = -g*b + 134, 5*b - 4*w = b + 180. Calculate the remainder when l is divided by b.
44
Let n = -2216 - -2921. What is the remainder when n is divided by 55?
45
Suppose 8*v + 9*v - 529 = 474. Calculate the remainder when 1293 is divided by v.
54
Let j = -2474 - -2584. What is the remainder when 110 is divided by j?
0
Suppose 18*p - 4954 = 1832. Let z = -330 + p. What is the remainder when 183 is divided by z?
42
Suppose 13*g = -1707 - 568. Let v = g + 223. What is the remainder when v is divided by 7?
6
Suppose -15*h + 25 = -10*h. Suppose k - 114 = -k + 4*l, 4*l + 303 = h*k. What is the remainder when k is divided by 11?
8
Suppose 2*l + 3*n = l + 336, n + 352 = l. Let i = l - 39. What is the remainder when i is divided by 39?
36
Let b = 965 + -628. What is the remainder when b is divided by 19?
14
Suppose 2*o + 211 = 3*o. Suppose -27*d + 56 = l - 24*d, 5*d = -25. Calculate the remainder when o is divided by l.
69
Suppose -4 - 6 = -2*v. Suppose 5 = -v*u + 50. What is the remainder when -27 - ((-99 - -40) + -3) is divided by u?
8
What is the remainder when 580 is divided by (-14)/(182/42 + -5)?
13
Let j(v) = -223*v + 556*v - 37*v**2 - 2*v**3 - 264*v + 38 + 3*v**3. Calculate the remainder when 35 is divided by j(35).
2
Let a(k) = 51*k**3 - 12*k**2 + 63*k - 475. What is the remainder when a(7) is divided by 225?
221
Let h = 118 + -33. Let t(l) = -l**3 + 40*l**2 + 40*l + 70. Let f(c) = 4*c**2 - 10*c - 63. Let p be f(-4). Calculate the remainder when h is divided by t(p).
27
Let f(v) = -23*v + 93. Let q be f(-8). Let x = q - 152. What is the remainder when x is divided by 8?
5
Let h(z) = -99*z**3 + 6*z**2 + 8*z + 3. Calculate the remainder when 322 is divided by h(-1).
22
Let t = 124 - 84. What is the remainder when 132/11 + -6 + (3 - (9 + -74)) is divided by t?
34
Let x = 9883 + -8666. Calculate the remainder when x is divided by 53.
51
Let l = -125 - -130. Suppose -4*s = -b - 2*b - 314, 0 = -l*b - 10. Calculate the remainder when s is divided by 26.
25
Suppose 4*s + 16 = 0, 3*s - 1 + 5 = 4*i. Let d(t) = 48*t**2 - 6*t - 3. Calculate the remainder when d(i) is divided by 34.
31
Suppose -2*j - 5*b + 63 = -31, 4*j = -4*b + 164. Suppose -j*s - 822 = -6483. What is the remainder when s is divided by 5?
3
Let m(s) = -s**3 + 4*s**2 - 2*s + 43. What is the remainder when 9/6*(-2460)/(-45) is divided by m(0)?
39
Suppose -4*a + 690 = 266. Let t(s) = -6*s**3 - 7*s**2 - 5*s. Let g be t(-2). What is the remainder when a is divided by g/150 - 118/(-10)?
10
Suppose -600 = 9*m - 33*m. Let f(r) = -3*r**3 - 4*r**2 - 2*r - 2. Let d be f(-4). Suppose 2*n - d = -38. Calcul